
Let s(g) = -g**2 - 4*g + 3. Let h = 1 - -36. Suppose 0 = 4*q + h - 17. What is s(q)?
-2
Let v = 1058 + -1050. Let g(i) = 1. Let u(a) = a**2 - 9*a - 1. Let r(t) = -6*g(t) - u(t). What is r(v)?
3
Let m(k) = -2*k**2 + 4*k + 5. Suppose 0 = -0*l + 2*l - 4*r + 20, 0 = 4*l + 3*r - 4. What is m(l)?
-11
Let q(j) = -j + 11. Suppose 0*s + 10 = -5*s. Let x = s + 13. Let r(a) = -3*a + 32. Let g(y) = x*q(y) - 4*r(y). Calculate g(0).
-7
Let w(l) = -l + 9. Let o be -7*((-9)/35 + 60/(-100)). Give w(o).
3
Let o(n) = -11*n**2 + 0*n + 6*n**2 - 1 - 4*n - 13*n**2. Let r(k) = 53*k**2 + 11*k + 3. Let p(t) = 11*o(t) + 4*r(t). What is p(-1)?
15
Let f = 104 + -142. Let r = f - -34. Let u(v) = -v + 1. Let i(k) = 3*k - 3. Let b(d) = -2*i(d) - 5*u(d). Calculate b(r).
5
Let q(h) = -3*h + 20. Let p be q(6). Suppose -y = 0, 2*j + 2*y = -4 + p. Let u(n) = 13*n**3. Determine u(j).
-13
Let b(i) = 9*i - 8. Let k(v) = -4*v + 4. Let x(c) = 2*b(c) + 5*k(c). Let q = 18 - 11. Let f = q + -3. Determine x(f).
-4
Let u(f) = 20*f**3 + 4*f**2 + 5*f + 8. Let s(p) = -10*p**3 - 2*p**2 - 2*p - 3. Let t(z) = 5*s(z) + 2*u(z). Calculate t(-1).
9
Let k(b) = b - 9 - 42*b**2 - b**3 + b + 42*b**2. Let x(w) = -w**3 - w**2 + 2*w - 8. Let h(v) = 3*k(v) - 4*x(v). Determine h(-4).
13
Let a be (-1 + 2 + -6)*-2. Let q be 3 + 0 - (a + -6). Let b(g) be the second derivative of g**3/6 - g**2/2 + 2*g. Give b(q).
-2
Let v(s) = -5*s**2 - 8*s**2 - 6*s**2 + 18*s**2 - 7*s - 1. Let n(x) be the second derivative of x**3/6 + x**2 - 2*x. Let o be n(-8). Determine v(o).
5
Let m(l) = 3*l**3 + 2*l**2 - 1. Let j = 5 + -5. Suppose 5*k + 2 - 5 = -c, 4*c + 2*k - 12 = 0. Suppose c*b - 5 + 8 = j. Give m(b).
-2
Let x = -4 - -5. Let a be (x - (4 + -3))/((-2)/(-1)). Let t(p) = p**2 - p + 3. Determine t(a).
3
Let p(d) = 7 + 1035*d**3 - 6*d - 3 - 1034*d**3 + 7*d**2 - 4*d. Determine p(-8).
20
Let h(z) = z**2 + 6*z + 7. Let p be h(-5). Let c(q) = 6 - 11 - p + q + 2. Let x be c(4). Let u(v) = 8*v**3 - v**2 - 2*v - 1. What is u(x)?
-8
Let x be (30/(-9))/(2/3 - 0). Let v(m) be the third derivative of -m**6/120 - 5*m**2. Let k(a) = 3*a**3 + 3*a**2 - 1. Let y(w) = x*v(w) - k(w). Give y(2).
5
Let r(v) be the first derivative of -3*v**5/5 + v**3/6 + v**2/2 - 4*v - 1. Let s(o) be the first derivative of r(o). Suppose -2 = 5*x + 3. Determine s(x).
12
Suppose 69 = 2*i + 7. Let y = i + -35. Let g(n) = -n**2 - 4*n + 2. Give g(y).
2
Suppose 0 = 4*i + 571 - 591. Let g(q) be the first derivative of 3/2*q**2 + i + 1/3*q**3 - 6*q. Calculate g(-6).
12
Let u(s) = -22*s - 85. Let t be u(-4). Let r(f) = -f**2 - f + 1. Suppose 0 = y - 2 + 7. Let h(g) = 3*g**2 + g - 3. Let n(x) = y*r(x) - 2*h(x). Determine n(t).
1
Let t = -70 - -45. Let s = t + 28. Suppose 2*z = -s*v - 2, -5*v + 5 = 2*z + 3*z. Let h(l) = -l - 9. Calculate h(v).
-5
Let y(x) be the second derivative of 1/2*x**2 + 0 - 32*x - 2/3*x**3. Calculate y(2).
-7
Let l(j) be the third derivative of -j**6/120 + j**4/12 - j**3/6 + 4*j**2. Let z = 158 + -233. Let v be ((-50)/z)/(4/6). Calculate l(v).
0
Let b = -17 - -27. Suppose 5*u = o - 2*o + b, 12 = -u - 3*o. Let f(v) = -14*v**2 - 3 + 2*v + 14*v**2 - v**u. What is f(2)?
-7
Suppose 162 = -6*m + 150. Let z(a) = a**3 + 4*a**2 + 5*a + 7. Give z(m).
5
Let b(v) = v**3 - 26 + 9 - 4*v**2 + 6 - 3*v + 15. Suppose -5*a = -a + 16, -3*h = 2*a - 4. Determine b(h).
-8
Let q(l) = 30*l + 1. Suppose 0 = -2*h - h + 3. Let a be h/(-3) - 4/6. What is q(a)?
-29
Let a(l) = -l + 3. Let u(c) = c**3 - 431*c + 432*c + 2*c**2 + 12 + 3*c**2. Let s be u(-5). Determine a(s).
-4
Let y = -2270 - -13621/6. Let d(a) be the third derivative of -1/60*a**5 + 0 + 1/24*a**4 + 0*a - a**2 - y*a**3. What is d(2)?
-3
Let p(v) = v**2 + 6*v + 6. Let u be p(-6). Let g = 2 - u. Let r(o) = -6*o + 0 - 1 + 3*o**2 - 6*o**2 - o**3 - 2*o**2. Determine r(g).
7
Suppose -2*b = b + 3*s - 15, -s = -4*b + 25. Let a(z) = 23 - b - 5 - 9 + 4*z. Determine a(-3).
-9
Let j(z) = z**3 + 3*z**2 + 4*z - 33. Let t(o) = o**3 + o**2 + o. Let s(b) = -j(b) + 3*t(b). Let u(m) be the first derivative of s(m). Calculate u(-1).
5
Let q(k) = 11*k. Let v(t) = 2*t**2 + 5*t - 9. Let i be v(3). Let b = i - 25. Calculate q(b).
-11
Let w(o) be the first derivative of 2*o**2 - o + 1056. Suppose -4*d = -1 - 7. Calculate w(d).
7
Suppose 32 = -8*q + 4*q. Let t be ((-4)/(-10))/(q/(-40)). Let l(m) = -8*m**t - m**3 + m**2 - 3 + 5*m + 3*m**2. Determine l(-5).
-3
Let z(y) = 12*y - 3. Let l(k) = k**3 - 43*k**2 + 81*k + 41. Let g be l(41). Give z(g).
-3
Suppose -2*t = 8, c = -0*c + t + 6. Let r(z) = -8*z**3 - 5*z + 9. Let f(s) = -2*s**3 - s + 2. Let k(n) = 9*f(n) - 2*r(n). Determine k(c).
-14
Let j(s) = 3*s - 2. Let n = -86 + 83. Determine j(n).
-11
Suppose -4*j = -5*n + 2 + 8, -3*j = 0. Suppose -3*u + n = -4. Let b be (-1)/((-4)/(-16)) + u. Let a(r) = -3*r**2 - 4*r - 3. Calculate a(b).
-7
Let a(y) = 13*y - 29. Let n(b) = 2*b + 12. Let p(s) = -3*s - 13. Let h(l) = -6*n(l) - 5*p(l). Let d(r) = 4*a(r) - 18*h(r). Calculate d(7).
-4
Suppose -63 = -2*j - 3*g, -5*j = -3*g - 47 - 58. Let s(m) = -m**2 + 26*m - 51. Determine s(j).
-3
Let j = -462 - -474. Let s(v) = v**3 - 13*v**2 + 12*v + 8. Determine s(j).
8
Let i(a) = -3*a**2 - 10*a - 5. Let s(z) = 3*z**2 + 9*z + 4. Let v(d) = -5*i(d) - 6*s(d). Let y(t) = t**2 + t. Let w(q) = 4*v(q) + 11*y(q). Calculate w(-7).
-10
Let k(s) be the third derivative of s**5/60 + s**3/2 - 15*s**2 - 15. Determine k(5).
28
Let j = 157 - 154. Let h(a) = -6 - j + a**3 + 11 - 9*a - 7*a**2. What is h(8)?
-6
Let v(g) = -g - 3. Let i = 344 + -340. Determine v(i).
-7
Suppose -13*p - 29 + 211 = 0. Let u(x) = x**2 - 16*x + 21. What is u(p)?
-7
Let b(v) be the first derivative of v**4/4 - 5*v**3/3 - 9*v**2/2 + 5*v + 35. Let t be ((-3)/(-2))/((-4)/(-16)). What is b(t)?
-13
Suppose -31 = 12*g + 41. Let k(h) = -h**2 - 4*h + 12. Calculate k(g).
0
Let x(t) = -20 + 66 - 17 - 16 + t. Determine x(-9).
4
Let k(i) be the third derivative of i**3 + 2*i**2 + 0 + 0*i + 1/6*i**4. Suppose 0 = o + 5 - 0. Determine k(o).
-14
Let h be (2 + 1)/((-18)/36). Let x(s) = -s**3 - 7*s**2 - 3*s + 14. Let r be x(h). Let j(k) = k**2 + 4*k + 5. Give j(r).
5
Let w(y) be the third derivative of -y**5/60 - y**4/3 - 7*y**3/6 - y**2. Suppose 4*t - 4*b = -36, -20*t + 5*b = -17*t + 35. What is w(t)?
8
Suppose 4*q = 2*d + 7 + 19, -d = q - 14. Let w(m) = 0 + 2 - m**2 + q*m**2 - 1. Determine w(-1).
9
Let m be -1 - -1 - (0 + 2). Let g(d) = -d**2 + 2*d + 7. Let j be 3/4 + 246/24. Let f(s) = -3*s**2 + 6*s + 20. Let o(y) = j*g(y) - 4*f(y). What is o(m)?
5
Let q(p) = -p**3 - 2*p**2 + 4*p + 1. Suppose -5*n + 4*o = 4, 4*o = -n - 41 + 21. What is q(n)?
17
Let n = 31 - 29. Let z(q) = 1 + q - 2*q**2 + 2*q + 3*q**n - 2*q**2. Determine z(3).
1
Let f(p) = 2*p - 3. Let n = -29 - -49. Suppose -3*g - 4 = -0*g + 2*o, -n = 4*o. Let a be f(g). Let q(w) = 12*w**3 - 2*w + 1. Determine q(a).
11
Suppose 0*f - f + 5 = 0. Let p(y) = 5*y**3 + 2*y**2 + 5*y - 4. Let s(o) = -4*o**3 - o**2 - 5*o + 4. Let u(m) = f*p(m) + 6*s(m). Give u(-5).
4
Let g(i) = i + 6. Let c be g(-4). Suppose -o - c*o = -24. Let d(j) = 2*j - 8. Give d(o).
8
Let n(x) = -x - 1. Suppose -41 = -18*v - 41. Determine n(v).
-1
Let w(t) = -9 - 2 + 3 + 4*t - 3*t. Suppose -4*x = -5*x + 17*x. Give w(x).
-8
Let n(u) = u**3 + 6*u**2 + 5*u - 7. Let s = -59 + 54. Give n(s).
-7
Let x(a) be the first derivative of -3*a**2 + 29 + 0*a - 1/3*a**3. Determine x(-5).
5
Suppose -14*g + 11*g + 22 = 2*r, 4*r - 12 = 2*g. Let t(f) be the second derivative of f**5/20 - f**4/3 - 2*f**3/3 - 7*f**2/2 - 2*f. What is t(r)?
-2
Let q(h) = -h**2 + h. Let n(l) = 4*l**2 - 11*l - 8. Let o(x) = -n(x) - 5*q(x). Suppose -7*p - 42 = -0*p. What is o(p)?
8
Let p(h) = h**3 - 3*h**2 - h - 4. Let k be (-1 + -2)*294/9. Let z = -94 - k. Calculate p(z).
8
Let l(g) be the second derivative of g**5/2 + g**2/2 - g. Suppose 8*o - 3199 = -239. Suppose -v + o = 369. Give l(v).
11
Suppose 5*o = -2*y + 229, 5*y + 84 = 2*o + 2*y. Suppose 6 = 3*b - 6. Let w(l) = -o - b*l + 45. Calculate w(1).
-4
Let u(o) = 13*o + 3. Let v(w) = -16*w - 3. Let t(r) = -5*u(r) - 4*v(r). Let b be (-1 - -2)*(-2 - 5). Give t(b).
4
Let k(q) = -2*q - 3*q**2 + 4*q**2 - 2*q**2 - 2. Let s(l) = -42*l + 40. Let u be s(1). Determine k(u).
-2
Let l(p) be the second derivative of -p**4/12 - 5*p**3/3 - 9*p**2/2 - 25*p. Det